{"id":5069,"date":"2016-08-18T21:16:39","date_gmt":"2016-08-19T00:16:39","guid":{"rendered":"https:\/\/apublica.org\/truco2016.new\/index.php\/a-equipe\/"},"modified":"2022-06-11T10:32:12","modified_gmt":"2022-06-11T13:32:12","slug":"a-equipe","status":"publish","type":"page","link":"https:\/\/eleicoes.apublica.org\/2016\/sobre-o-projeto\/a-equipe\/","title":{"rendered":"A equipe"},"content":{"rendered":"<p style=\"text-align: center\"><strong>Coordena\u00e7\u00e3o-geral<br \/>\n<\/strong>Marina Amaral<\/p>\n<p style=\"text-align: center\"><strong>Bel\u00e9m<br \/>\n<\/strong>Dominik Giusti<br \/>\nGuilherme Guerreiro Neto<br \/>\nMois\u00e9s Sarraf (coordenador)<\/p>\n<p style=\"text-align: center\"><strong>Belo Horizonte<br \/>\n<\/strong>Bruno Fonseca (coordenador)<br \/>\nEliziane Lara<br \/>\nGabriela Garcia<br \/>\nGabriella Hauber<br \/>\nNat\u00e1lia Vieira<br \/>\nRoberta Firmino<strong>\u00a0<\/strong><\/p>\n<p style=\"text-align: center\"><strong>Recife<\/strong><br \/>\nS\u00e9rgio Miguel Buarque (coordenador)<br \/>\nLa\u00e9rcio Portela<br \/>\nCarol Seixas<br \/>\nThayn\u00e1 Campos<\/p>\n<p style=\"text-align: center\"><strong>Rio de Janeiro<br \/>\n<\/strong>Adriano Belis\u00e1rio<br \/>\nGabriele Roza<br \/>\nMariah Queiroz<br \/>\nNatalia Viana (coordenadora)<strong>\u00a0<\/strong><\/p>\n<p style=\"text-align: center\"><strong>S\u00e3o Paulo<br \/>\n<\/strong>Anna Beatriz Anjos<br \/>\n\u00c9tore Medeiros<br \/>\nPatr\u00edcia Figueiredo<br \/>\nMaur\u00edcio Moraes (coordenador)<\/p>\n<p style=\"text-align: center\"><strong>Redes sociais<br \/>\n<\/strong>Marina Dias (coordenadora)<br \/>\nNyle Ferrari<\/p>\n<p style=\"text-align: center\"><strong>Ilustra\u00e7\u00f5es<br \/>\n<\/strong>Alexandre De Maio (S\u00e3o Paulo)<br \/>\nAndr\u00e9 Persechini (Belo Horizonte)<br \/>\nGustavo Ferreira (Rio de Janeiro)<br \/>\nHer\u00f4n Victor (Bel\u00e9m)<br \/>\nKelen Linck (Recife)<\/p>\n<p style=\"text-align: center\"><strong>Webdesigner<\/strong><\/p>\n<p style=\"text-align: center\">Babak Fakhamzadeh<\/p>\n","protected":false},"excerpt":{"rendered":"<p>Coordena\u00e7\u00e3o-geral Marina Amaral Bel\u00e9m Dominik Giusti Guilherme Guerreiro Neto Mois\u00e9s Sarraf (coordenador) Belo Horizonte Bruno Fonseca (coordenador) Eliziane Lara Gabriela Garcia Gabriella Hauber Nat\u00e1lia Vieira Roberta Firmino\u00a0 Recife S\u00e9rgio Miguel Buarque (coordenador) La\u00e9rcio Portela Carol Seixas Thayn\u00e1 Campos Rio de Janeiro Adriano Belis\u00e1rio Gabriele Roza Mariah Queiroz Natalia Viana (coordenadora)\u00a0 S\u00e3o Paulo Anna Beatriz Anjos &hellip; <a href=\"https:\/\/eleicoes.apublica.org\/2016\/sobre-o-projeto\/a-equipe\/\" class=\"more-link\">Continue reading<span class=\"screen-reader-text\"> &#8220;A equipe&#8221;<\/span><\/a><\/p>\n","protected":false},"author":1,"featured_media":0,"parent":5065,"menu_order":0,"comment_status":"closed","ping_status":"closed","template":"","meta":{"_acf_changed":false,"footnotes":""},"coauthors":[2],"class_list":["post-5069","page","type-page","status-publish","hentry"],"acf":{"cidade":{"ID":5008,"post_author":"1","post_date":"2016-08-08 17:34:45","post_date_gmt":"2016-08-08 20:34:45","post_content":"","post_title":"S\u00e3o Paulo","post_excerpt":"","post_status":"publish","comment_status":"closed","ping_status":"closed","post_password":"","post_name":"sao-paulo","to_ping":"","pinged":"","post_modified":"2016-08-08 17:34:45","post_modified_gmt":"2016-08-08 20:34:45","post_content_filtered":"","post_parent":0,"guid":"https:\/\/apublica.org\/truco2016.new\/index.php\/cidade\/sao-paulo\/","menu_order":0,"post_type":"cidade","post_mime_type":"","comment_count":"0","filter":"raw"},"partido":{"ID":4981,"post_author":"1","post_date":"2016-08-08 18:22:27","post_date_gmt":"2016-08-08 21:22:27","post_content":"","post_title":"PMDB","post_excerpt":"","post_status":"publish","comment_status":"closed","ping_status":"closed","post_password":"","post_name":"pmdb","to_ping":"","pinged":"","post_modified":"2016-08-08 18:22:27","post_modified_gmt":"2016-08-08 21:22:27","post_content_filtered":"","post_parent":0,"guid":"https:\/\/apublica.org\/truco2016.new\/index.php\/partido\/pmdb\/","menu_order":0,"post_type":"partido","post_mime_type":"","comment_count":"0","filter":"raw"}},"jetpack_sharing_enabled":true,"_links":{"self":[{"href":"https:\/\/eleicoes.apublica.org\/2016\/wp-json\/wp\/v2\/pages\/5069","targetHints":{"allow":["GET"]}}],"collection":[{"href":"https:\/\/eleicoes.apublica.org\/2016\/wp-json\/wp\/v2\/pages"}],"about":[{"href":"https:\/\/eleicoes.apublica.org\/2016\/wp-json\/wp\/v2\/types\/page"}],"author":[{"embeddable":true,"href":"https:\/\/eleicoes.apublica.org\/2016\/wp-json\/wp\/v2\/users\/1"}],"replies":[{"embeddable":true,"href":"https:\/\/eleicoes.apublica.org\/2016\/wp-json\/wp\/v2\/comments?post=5069"}],"version-history":[{"count":1,"href":"https:\/\/eleicoes.apublica.org\/2016\/wp-json\/wp\/v2\/pages\/5069\/revisions"}],"predecessor-version":[{"id":5075,"href":"https:\/\/eleicoes.apublica.org\/2016\/wp-json\/wp\/v2\/pages\/5069\/revisions\/5075"}],"up":[{"embeddable":true,"href":"https:\/\/eleicoes.apublica.org\/2016\/wp-json\/wp\/v2\/pages\/5065"}],"wp:attachment":[{"href":"https:\/\/eleicoes.apublica.org\/2016\/wp-json\/wp\/v2\/media?parent=5069"}],"wp:term":[{"taxonomy":"author","embeddable":true,"href":"https:\/\/eleicoes.apublica.org\/2016\/wp-json\/wp\/v2\/coauthors?post=5069"}],"curies":[{"name":"wp","href":"https:\/\/api.w.org\/{rel}","templated":true}]}}

<p style="text-align: center"><strong>Coordenação-geral<br />
</strong>Marina Amaral</p>
<p style="text-align: center"><strong>Belém<br />
</strong>Dominik Giusti<br />
Guilherme Guerreiro Neto<br />
Moisés Sarraf (coordenador)</p>
<p style="text-align: center"><strong>Belo Horizonte<br />
</strong>Bruno Fonseca (coordenador)<br />
Eliziane Lara<br />
Gabriela Garcia<br />
Gabriella Hauber<br />
Natália Vieira<br />
Roberta Firmino<strong> </strong></p>
<p style="text-align: center"><strong>Recife</strong><br />
Sérgio Miguel Buarque (coordenador)<br />
Laércio Portela<br />
Carol Seixas<br />
Thayná Campos</p>
<p style="text-align: center"><strong>Rio de Janeiro<br />
</strong>Adriano Belisário<br />
Gabriele Roza<br />
Mariah Queiroz<br />
Natalia Viana (coordenadora)<strong> </strong></p>
<p style="text-align: center"><strong>São Paulo<br />
</strong>Anna Beatriz Anjos<br />
Étore Medeiros<br />
Patrícia Figueiredo<br />
Maurício Moraes (coordenador)</p>
<p style="text-align: center"><strong>Redes sociais<br />
</strong>Marina Dias (coordenadora)<br />
Nyle Ferrari</p>
<p style="text-align: center"><strong>Ilustrações<br />
</strong>Alexandre De Maio (São Paulo)<br />
André Persechini (Belo Horizonte)<br />
Gustavo Ferreira (Rio de Janeiro)<br />
Herôn Victor (Belém)<br />
Kelen Linck (Recife)</p>
<p style="text-align: center"><strong>Webdesigner</strong></p>
<p style="text-align: center">Babak Fakhamzadeh</p>

<p>Coordenação-geral Marina Amaral Belém Dominik Giusti Guilherme Guerreiro Neto Moisés Sarraf (coordenador) Belo Horizonte Bruno Fonseca (coordenador) Eliziane Lara Gabriela Garcia Gabriella Hauber Natália Vieira Roberta Firmino  Recife Sérgio Miguel Buarque (coordenador) Laércio Portela Carol Seixas Thayná Campos Rio de Janeiro Adriano Belisário Gabriele Roza Mariah Queiroz Natalia Viana (coordenadora)  São Paulo Anna Beatriz Anjos &hellip; <a href="https://eleicoes.apublica.org/2016/sobre-o-projeto/a-equipe/" class="more-link">Continue reading<span class="screen-reader-text"> &#8220;A equipe&#8221;</span></a></p>

São Paulo
